site number?
False
Is 6485813 prime?
False
Is 176273 a composite number?
True
Is 86173441 prime?
True
Is 7211173 a prime number?
True
Is 40144609 a composite number?
False
Is 3154121 composite?
True
Is 365107 composite?
False
Is 14066431 a prime number?
True
Is 11358097 a composite number?
False
Is 26329723 prime?
False
Is 102036139 prime?
True
Is 3160819 a composite number?
True
Is 65951 a prime number?
True
Is 323107507 composite?
False
Is 366180403 composite?
False
Is 824477 composite?
False
Is 7286603 composite?
False
Is 5384473 composite?
True
Is 4325071 a composite number?
False
Is 3363989 a prime number?
False
Is 45506717 a composite number?
False
Is 67686611 prime?
False
Is 13258151 composite?
False
Is 737430677 composite?
True
Is 1482757 a prime number?
False
Is 2319307 a prime number?
False
Is 4081657 a prime number?
True
Is 15155647 a composite number?
True
Is 24208594 composite?
True
Is 876431 a composite number?
False
Is 90947 prime?
True
Is 32492461 composite?
False
Is 16337537 prime?
True
Is 229677179 composite?
False
Is 7857959 a composite number?
True
Is 62950771 prime?
False
Is 9889333 composite?
True
Is 27187691 a composite number?
False
Is 8019811 a composite number?
True
Is 6881146 a composite number?
True
Is 2702143 a prime number?
True
Is 171744277 composite?
False
Is 9206627 prime?
True
Is 910883 prime?
True
Is 5245465 a prime number?
False
Is 209106883 composite?
False
Is 162141877 prime?
False
Is 442501765 a composite number?
True
Is 22848653 composite?
False
Is 666631 composite?
True
Is 1426331 a prime number?
True
Is 19782811 a prime number?
True
Is 8177993 a prime number?
False
Is 1629253 a prime number?
True
Is 300907067 a prime number?
True
Is 55679629 composite?
False
Is 8017099 a prime number?
False
Is 23449247 a prime number?
True
Is 14715017 composite?
True
Is 5690182 prime?
False
Is 497563 a prime number?
False
Is 69863107 a prime number?
True
Is 792521 composite?
False
Is 935477 prime?
False
Is 335990111 composite?
False
Is 8635327 prime?
False
Is 42274249 a composite number?
True
Is 132124843 a composite number?
True
Is 23551639 composite?
True
Is 18619399 a prime number?
False
Is 17198579 prime?
True
Is 800573 a prime number?
True
Is 3947227 a composite number?
False
Is 47163227 composite?
False
Is 56570089 composite?
False
Is 309540545 a composite number?
True
Is 12523541 prime?
True
Is 1019175593 prime?
False
Is 441715341 a composite number?
True
Is 99237419 prime?
False
Is 2976319 prime?
True
Is 3747571 prime?
False
Is 2602097 a composite number?
False
Is 63661231 composite?
False
Is 50740861 a composite number?
True
Is 8644346 a prime number?
False
Is 3239057 a composite number?
True
Is 120070653 prime?
False
Is 115781623 a composite number?
False
Is 615481 composite?
True
Is 211046711 composite?
False
Is 9806371 composite?
True
Is 10622453 composite?
False
Is 43200991 composite?
False
Is 8503631 composite?
False
Is 60312533 a composite number?
False
Is 15524581 a prime number?
False
Is 3776543 a prime number?
True
Is 19347 prime?
False
Is 17788183 prime?
False
Is 45232729 prime?
True
Is 1209367 a prime number?
True
Is 3207377 composite?
False
Is 3931687 a prime number?
True
Is 609398926 a prime number?
False
Is 21870019 composite?
True
Is 654901 a composite number?
True
Is 73189523 prime?
False
Is 3472523 composite?
False
Is 11043359 prime?
True
Is 208309 prime?
True
Is 531512063 a composite number?
False
Is 1201150811 prime?
False
Is 123542087 a prime number?
True
Is 149791 a composite number?
False
Is 1463653 a prime number?
False
Is 194032298 composite?
True
Is 18083447 prime?
False
Is 25142231 a composite number?
True
Is 366080987 a composite number?
False
Is 13016041 composite?
True
Is 3936481 prime?
True
Is 20815337 prime?
True
Is 3708269 composite?
False
Is 653647 prime?
True
Is 207919591 a prime number?
False
Is 4592951 composite?
True
Is 585133 a prime number?
False
Is 16258819 a composite number?
False
Is 212608351 prime?
False
Is 17706781 prime?
True
Is 2590811 composite?
False
Is 134210993 a prime number?
False
Is 5352041 a prime number?
True
Is 1686329 a composite number?
False
Is 3816979 a composite number?
False
Is 105693711 prime?
False
Is 199934087 composite?
False
Is 9197299 a composite number?
True
Is 96450481 prime?
True
Is 175892323 prime?
False
Is 20157229 a prime number?
True
Is 753541 prime?
False
Is 1155997 composite?
False
Is 978323 a prime number?
True
Is 17986567 a prime number?
True
Is 3945391 prime?
True
Is 5035066 a prime number?
False
Is 1423046 composite?
True
Is 1060643237 prime?
True
Is 4111631 a composite number?
True
Is 382019 composite?
True
Is 24200687 a prime number?
False
Is 899531 a prime number?
True
Is 28737313 prime?
False
Is 556931 a prime number?
True
Is 35461781 a prime number?
True
Is 163119557 composite?
False
Is 24967003 composite?
False
Is 5838689 a prime number?
True
Is 10500421 a composite number?
False
Is 60577879 composite?
False
Is 325571 a prime number?
True
Is 3814583 prime?
True
Is 31347959 composite?
False
Is 10995577 composite?
False
Is 2267281 a prime number?
True
Is 163488299 prime?
False
Is 57948809 a composite number?
False
Is 20905097 a prime number?
True
Is 5605939 a composite number?
False
Is 328500829 a composite number?
False
Is 1761029 composite?
False
Is 4071701 prime?
True
Is 8988547 composite?
True
Is 33196507 prime?
False
Is 52128155 prime?
False
Is 14533741 prime?
True
Is 40154227 a composite number?
True
Is 44825563 a composite number?
False
Is 109804957 composite?
True
Is 17585537 prime?
True
Is 3491651 composite?
False
Is 7923397 composite?
False
Is 29825911 prime?
True
Is 1410679 composite?
False
Is 100129 a prime number?
True
Is 5837329 prime?
False
Is 36118547 prime?
True
Is 111129437 a composite number?
True
Is 82057 a prime number?
False
Is 27897305 composite?
True
Is 37039337 a composite number?
True
Is 12543859 a prime number?
True
Is 85232011 composite?
False
Is 81770911 a prime number?
False
Is 30207211 composite?
True
Is 70713389 prime?
True
Is 6298553 a composite number?
True
Is 2740447 a prime number?
False
Is 2146019 prime?
False
Is 104587931 prime?
False
Is 10114799 a composite number?
False
Is 53153063 composite?
False
Is 15018431 composite?
True
Is 2556907 a prime number?
True
Is 3762739 a prime number?
True
Is 1129067 a prime number?
False
Is 1709593 prime?
True
Is 24369911 prime?
True
Is 394951 a composite number?
True
Is 14944253 a composite number?
True
Is 1240327 prime?
False
Is 1048309 a prime number?
True
Is 2216351 a composite number?
False
Is 517631 prime?
False
Is 882389 a composite number?
False
Is 8639459 a composite number?
False
Is 63174677 composite?
True
Is 163307047 composite?
True
Is 76832267 prime?
True
Is 18224989 prime?
False
Is 24862691 a prime number?
False
Is 375551 a prime number?
False
Is 141430271 prime?
True
Is 1091179 prime?
False
Is 1534313 prime?
False
Is 314351 composite?
False
Is 20451199 composite?
False
Is 23700167 a prime number?
True
Is 26976151 a prime number?
False
Is 14099383 prime?
True
Is 21712819 composite?
False
Is 55636183 composite?
False
Is 21602409 prime?
False
Is 45949207 prime?
True
Is 8382797 composite?
False
Is 112089469 a composite number?
True
Is 16041265 a prime number?
False
Is 52128859 a prime number?
False
Is 139934297 prime?
False
Is 53631286 prime?
False
Is 21913553 composite?
True
Is 34382749 prime?
True
Is 107115767 a composite number?
True
Is 157127 a composite number?
False
Is 77996537 a prime number?
True
Is 57981451 prime?
False
Is 2442035 a composite number?
True
Is 8770634 composite?
True
Is 2290339 a prime number?
True
Is 6425683 composite?
True
Is 231434519 prime?
False
Is 573431 a composite number?
True
Is 5434409 a prime number?
True
Is 7924877 composite?
False
Is 505969477 a prime number?
False
Is 65963461 a composite number?
True
Is 462589 a prime number?
True
Is 1536661 a composite number?
True
Is 1784243 prime?
True
Is 1884783 a composite number?
True
Is 154723 a composite number?
False
Is 1545373 a prime number?
False
Is 52113499 prime?
False
Is 463751 a composite number?
True
Is 773897 a composite number?
False
Is 19733633 composite?
True
Is 58212857 a prime number?
True
Is 3190817 a prime number?
False
Is 6087109 a prime nu